-3 + 7 + -2)
6
What is 2 + -1 - 3 - (-3 - 2)?
3
Evaluate 9 - (11 - ((-4 - -1) + 9)).
4
Calculate 3 + -8 - (8 - 10).
-3
What is -3 + 0 + 0 + (3 - 0)?
0
Calculate -3 + (2 + (0 - 1) - 3).
-5
Calculate 10 + -7 + -2 + 5 - 4.
2
5 + (-4 - -2) + -3
0
What is the value of 3 + -11 + -1 + 4 - -3?
-2
Evaluate -2 - (3 + -4 - -2).
-3
What is (-7 + 2 - -3) + -1 + 0?
-3
What is 19 - 23 - (2 + (1 - 2))?
-5
Evaluate -4 + 3 + 10 + -4.
5
Evaluate (-1 - -10) + (48 - 60).
-3
Calculate 14 + -9 + -11 - (-11 - 2).
7
Evaluate -57 + 50 + (0 - -1).
-6
-2 + (2 - 2) - 3
-5
Calculate -5 - ((-7 - -4) + -9).
7
Evaluate 2 + (-5 - (-3 - -7)) + 0.
-7
2 - 2 - (-3 + (-5 - -5))
3
Calculate -10 + 1 + 1 + -3 + 4.
-7
What is 9 - 8 - (2 + -2)?
1
Evaluate -4 + 5 + (-4 - 1).
-4
Evaluate (-16 - -11) + 12 - 15.
-8
What is the value of -7 - (3 + (0 - 1) + -1)?
-8
Evaluate -1 - 2 - ((-4 - -2) + 4).
-5
Calculate 4 - (3 - 0 - (-1 - 0)).
0
-6 + (-10 - (-1 - 5)) + 1
-9
Calculate -3 - (-3 + 3 + 4 + -7).
0
5 + 1 + -7 - 4
-5
Calculate -11 - -3 - (4 + -8) - -2.
-2
Evaluate -15 + (-6 - -21) - (0 - 0).
0
What is -3 + 1 - (6 + -9 + 4)?
-3
Evaluate (-14 - (-11 - -2)) + 10.
5
Calculate -5 - (-14 + (11 - 5)).
3
Calculate 3 - (4 + -4) - 2.
1
-4 - (-13 - -7 - -5)
-3
What is the value of (1 - -4) + (-41 - -30)?
-6
What is the value of 0 + 11 - (59 + -52)?
4
What is the value of (-4 + 6 - 1) + (3 - 5)?
-1
Calculate (-12 - 11) + 6 + 7.
-10
What is the value of (10 - 5) + (-8 - -6)?
3
What is the value of 0 + (-10 - -7) + 1 + -1?
-3
Evaluate -3 + 6 + 13 + 4 + -11.
9
Evaluate 12 + -20 - (-1 + -13).
6
Evaluate 1 + -3 - (1 - 3).
0
What is the value of 9 + -22 + 0 + 12?
-1
What is 1 + -1 + 0 - 3?
-3
Calculate 14 + 3 - (8 - -2).
7
Evaluate 3 - (2 + -1 + -6).
8
What is (-5 - -11 - 4) + (-1 - -1)?
2
Calculate -2 - (-2 + 6 + -7).
1
Calculate 4 - 0 - 1 - 4 - -1.
0
Evaluate -9 - (1 - (8 - 0)).
-2
What is the value of 1 - (-1 + -6) - (100 + -99)?
7
Calculate 2 + (-5 - (-6 + 7)).
-4
What is the value of -4 + (7 - 15) - -5?
-7
What is (-11 - -25) + 4 + -11?
7
(2 - 0) + (6 - 5) + 0
3
Calculate 11 - (-4 - (-1 - 3 - 5)).
6
Calculate 11 + -2 - (6 + 3 + -5).
5
Evaluate (-1 - -4 - 5) + 3.
1
Evaluate 2 + -2 + (16 - 18).
-2
What is the value of -1 - 3 - (1 - (0 + 3))?
-2
Evaluate -3 - (5 + -1) - -9.
2
-7 + -1 + 0 + 5
-3
Evaluate -2 - (-4 + (1 - -4)).
-3
What is the value of -5 - (-8 - (2 - 1))?
4
Evaluate 2 + -1 + (0 - -5).
6
Evaluate 1 + -1 + 6 + (0 - 3).
3
Evaluate 6 - ((-10 - -10) + 8).
-2
Calculate -1 - (1 + 0 + -6).
4
Calculate (-5 - 2) + (5 - -1) - 2.
-3
Evaluate 25 - 23 - (8 - 4).
-2
Calculate (-1 - (-4 - (3 + -8))) + -1.
-3
What is 2 + -3 + (2 + 2 - 4)?
-1
Evaluate -3 + 3 + -3 + (-1 - -5).
1
Evaluate (3 - -12 - 8) + -4 + -5.
-2
What is the value of 3 + -1 - (1 + (1 - -3))?
-3
Evaluate 2 + (-5 - -4) + 2 + 0.
3
What is -15 + (1 - -1) + -93 + 100?
-6
What is -10 + -3 - (-1 + -6)?
-6
(-20 - (2 + -16)) + 12
6
Calculate -6 + (1 - (-4 - -1)).
-2
Calculate (-5 - (-3 - (-2 - -1))) + -3.
-6
What is -4 + 3 + (-14 - -8 - -4)?
-3
Evaluate -3 - (-2 + (0 - 1)).
0
What is the value of 2 - -5 - (-10 + 14) - 0?
3
What is the value of 12 + 1 + 6 + -23?
-4
Calculate 4 + (7 - 9) - 12.
-10
Calculate 3 + 6 + -11 - (0 - 6).
4
What is -5 + 1 - (-3 + 2)?
-3
Evaluate 1 - 0 - (-3 + 1 + 4).
-1
Calculate (3 - (-2 - -6)) + (-6 - -1).
-6
Evaluate 19 + -11 + 2 + 1 + -12.
-1
What is the value of (2 - 0) + (0 - 4 - 0)?
-2
What is -4 - (7 + -12 - (2 + -2))?
1
What is the value of -6 + 4 + (0 - 3 - -4)?
-1
What is the value of (9 - 4) + (-2 - -1)?
4
Calculate -6 + 15 - (-6 + 6 + 8).
1
Calculate 0 + -13 + 18 + -1.
4
Evaluate 11 + -5 - (-2 - -9).
-1
Evaluate -7 - ((-3 - 6) + 0 + 3).
-1
3 + -3 - 5 - -1
-4
Calculate -2 - (1 - (4 + -5 + 3)).
-1
Calculate -2 - (-9 + 4 + 3).
0
What is -5 - (-10 - (7 + -7 - 2))?
3
(-3 - -4) + 2 + -9 + 7
1
What is -2 - (2 + (-5 - -9) + -3)?
-5
What is the value of 0 + -4 - (19 - 24)?
1
What is (1 - 3) + 23 + -22?
-1
Calculate 15 + (10 - 5) + -11.
9
Calculate -6 - 1 - (-5 - -2).
-4
Evaluate (-1 - 1 - -1) + 1.
0
Evaluate 0 - ((7 - (1 + 1)) + -1).
-4
Evaluate (-1 - -4) + 7 - (0 + 4).
6
What is the value of 6 - (-4 + -2 + 3)?
9
Calculate -9 + (10 - (2 + 2)).
-3
-7 + (-4 - -1 - (14 - 21))
-3
What is the value of -9 - -5 - ((0 - 2) + 2)?
-4
What is -2 + 2 - (38 - 40)?
2
4 + 4 + (3 - 10) + 2
3
(0 - 7) + -17 + 19
-5
Calculate -3 - 0 - (8 - 15 - -5).
-1
Calculate 2 - 0 - (20 - 19).
1
Evaluate 8 + (-7 - -2) + -1.
2
What is the value of 7 + -2 - (15 - 12)?
2
What is -4 + 4 - (4 + -2)?
-2
Calculate 0 - (2 - 2) - (-13 - -11).
2
Calculate 8 - 1 - 1 - (2 - -6).
-2
What is -1 + 4 + (-4 - -2)?
1
Evaluate -1 + -8 - (2 + 15 + -22).
-4
Calculate -1 - (4 + (-2 - (-5 - -4))).
-4
What is the value of -14 + -2 + 9 + (3 - 1)?
-5
What is -8 + 1 + (-1 - -10)?
2
-6 - (2 - 15) - 10
-3
What is the value of -10 - (22 - 30 - (-2 + 0))?
-4
Calculate 4 + -4 + 0 - -3.
3
-1 - (-5 + (0 - -4) + 4)
-4
Evaluate -7 - ((6 - 3) + -4 + -3).
-3
What is 4 - (1 + -3 - (-5 + -1))?
0
Calculate 1 - ((2 - -3) + -12).
8
What is -7 + 14 - 2 - 5?
0
Evaluate -4 + 10 + (6 - 11) - 1.
0
(-8 + -2 - 1) + (9 - 4)
-6
-13 - (-1 + -5 + -2)
-5
What is 1 - (1 - -3 - 6)?
3
Evaluate (-4 - (-3 + -1)) + 3.
3
Calculate -1 + -1 - (21 - 27).
4
What is the value of 34 - 26 - (-1 - -6)?
3
Evaluate -3 + -1 + 3 - -3.
2
Calculate 2 + (-1 - 0) - 3.
-2
5 - ((4 - -4) + -4)
1
246 + -241 + (1 - 6)
0
2 + -6 + (-4 - -16) - 4
4
What is -2 - (-1 + (-3 - -4)) - 3?
-5
Calculate -19 + 24 + (-16 - (-6 - -4)).
-9
-14 + 12 - 1 - 0
-3
What is 1 + (2 - -1 - 2) + -1?
1
What is the value of 4 + (3 - 3 - 3) + 4?
5
-8 - (-8 + (8 - 7))
-1
Evaluate (1 + 1 - 3) + 0 + 0.
-1
What is (7 - 2) + -14 + -1?
-10
What is the value of -4 + 1 - -2 - (-10 + 5)?
4
Calculate -1 + (4 + 0 - 3).
0
7 + 0 + -8 + -3 - -10
6
Calculate -2 + -2 + 0 + -1.
-5
Calculate -9 + 26 + -16 - (5 + 0).
-4
Calculate 2 + -1 + (-4 - -3).
0
What is the value of (-2 + 1 - -2) + 2?
3
Calculate 0 + -4 + -1 + (12 - 9).
-2
What is 4 - (2 - 0 - -4)?
-2
What is -13 + 9 + 1 + 7?
4
What is (-6 - (1 - -6) - -6) + 4?
-3
Calculate (0 - (-6 + (1 - -7))) + 5.
3
What is the value of -7 - (-12 - 5) - 5?
5
8 - (0 - (2 + -5) - 0)
5
Evaluate -6 + -9 + 17 + (-2 - -1).
1
What is the value of -7 + (4 - -4) + -8 + 3?
-4
Evaluate 2 + 2 - 2 - (-74 + 81).
-5
What is the value of 7 + (2 - (1 - -9))?
-1
What is (-4 - -15) + 0 + -4?
7
Calculate 2 + (5 - 6 - 6).
-5
Evaluate 5 - (-3 + -1 + 3 + 1).
5
What is the value of 4 + -4 + 4 + -8 + -4?
-8
What is the value of -1 + 4 + (-5 - -6 - -3)?
7
Calculate 11 + -2 + (-4 - 1).
4
What is the value of (11 - (12 - 1)) + -8?
-8
Evaluate 15 + -2 - (117 + -112).
8
Evaluate 1 + -2 - (13 + -16).
2
Calculate 0 - (-3 + (-4 - -9)) - 3.
-5
-5 + 1 - 1 - -6
1
Calculate 3 - 3 - (0 - -1) - -5.
4
What is 2 - (0 + -2 + 4 - -8)?
-8
What is 5 + (5 - 15) + 3?
-2
Evaluate 0 + (2 + 1 - -2).
5
Calculate 2 - (3 + -1 + -3 + 4).
-1
What is the value of (-10 - -19) + 2 - 15?
-4
Evaluate 3 - (9 - 2 - -1).
-5
Calculate -2 + 9 + 6 + -8 + -8.
-3
Calculate -7 + (-8 - -12) + 8.
5
What is -3 + (-4 - 3) + 5?
-5
-12 + -10 + (3 - -12)
-7
0 - 1 - -2 - (64 + -66)
3
Evaluate 31 - 36 - (-2 - 6).
3
What is the value of (-5 + 8 - -2) + -5 - 2?
-2
-2 + (-1 - 0) + -3
-6
What is the value of (-20 - -22) + (3 - 4 - -4)?
5
What is 0 - -1 - (-10 + 14 - 9)?
6
Calculate 3 - 2 - (-4 - -9).
-4
0 - (0 + 6 - 5)
-1
Calculate 11 + (13 - (21 - -3)).
0
What is the value of (-1 - -4) + 0 + 1?
4
What is the value of -5 + (33 - 34) + 1 + 1?
-4
Calculate -2 - (4 + -4 - (0 + -3)).
-5
2 - (4 + -4 + 1)
1
(-15 + 19 - 6) + 0 + -4
-6
What is the value of (-2 - 2) + -5 + 4?
-5
Evaluate 2 + 4 + 0 + -4.
2
Calculate -8 + (-3 - (7 - 21)) + 6.
9
What is the value of -2 - (-2 + (-4 - -4))?
0
-8 + -1 + (9 - 4)
-4
Evaluate 11 - (-14 - -8 - -24).
-7
Evaluate (1 - 0) + 5 + -3.
3
-5 + 7 + (0 - 0)
2
Evaluate 1 + -3 + -1 + 0.
-3
-1 - (7 + -4 + -1)
-3
1 + (-4 - (-2 + 0))
-1
Calculate 2 + 5 + (-1 - 3) + 0.
3
What is the value of (-1 - (-2 - 3)) + 33 + -32?
5
What is the value of 0 - -4 - (2 - -2) - -2?
2
5 + (0 - -3 - 14)
-6
-2 + (-7 - (-2 + -5))
-2
What is the value of 2 - 25 - (-68 + 54)?
-9
Calculate 5 + (0 - 0) + -1.
4
Calculate (0 - -1 - -2) + -11 + 3.
-5
What is -6 + (2 - 3) + 3 - -1?
-3
3 + (0 - 0) - -1 - 2
2
-5 + 4 - (9 - 11)
1
Wh